{"id":1893,"date":"2024-02-10T11:08:52","date_gmt":"2024-02-10T11:08:52","guid":{"rendered":"https:\/\/www.lagom-academy.eu\/faqs_list\/can-i-do-your-courses-for-continuous-professional-development-in-health-and-fitness-professions\/"},"modified":"2025-05-05T12:45:36","modified_gmt":"2025-05-05T12:45:36","slug":"can-i-do-your-courses-for-continuous-professional-development-in-health-and-fitness-professions","status":"publish","type":"faqs_list","link":"https:\/\/www.lagom-academy.eu\/pt\/faqs_list\/can-i-do-your-courses-for-continuous-professional-development-in-health-and-fitness-professions\/","title":{"rendered":"Posso fazer os vossos cursos como forma de desenvolvimento profissional cont\u00ednuo nas profiss\u00f5es das \u00e1reas da sa\u00fade e do exerc\u00edcio f\u00edsico?"},"content":{"rendered":"\n<p>Sim, sem d\u00favida! Os nossos cursos foram constru\u00eddos para providenciar aos profissionais da sa\u00fade e do exerc\u00edcio f\u00edsico uma compreens\u00e3o mais profunda da perspetiva do estilo de vida saud\u00e1vel hol\u00edstico, e para acrescentar algo novo \u00e0s suas \u00e1reas de dom\u00ednio.<\/p>\n\n\n\n<p>Podes j\u00e1 ser fisioterapeuta, coach, enfermeiro(a), nutricionista, m\u00e9dico(a) de cl\u00ednica geral, ou psic\u00f3logo(a) e ter um profundo conhecimento da tua \u00e1rea profissional. Contudo, atrav\u00e9s dos nossos cursos, vais adquirir perspetivas muito relevantes de outras \u00e1reas profissionais que se cruzam com a tua.<\/p>\n\n\n\n<p>Isto vai ajudar-te a apoiares melhor os teus clientes dentro da tua \u00e1rea profissional, mas tamb\u00e9m te traz a oportunidade de trabalhares como Mentor (a)do Estilo de Vida Saud\u00e1vel Certificado(a).<\/p>\n","protected":false},"featured_media":0,"template":"","class_list":["post-1893","faqs_list","type-faqs_list","status-publish","hentry"],"aioseo_notices":[],"_links":{"self":[{"href":"https:\/\/www.lagom-academy.eu\/pt\/wp-json\/wp\/v2\/faqs_list\/1893","targetHints":{"allow":["GET"]}}],"collection":[{"href":"https:\/\/www.lagom-academy.eu\/pt\/wp-json\/wp\/v2\/faqs_list"}],"about":[{"href":"https:\/\/www.lagom-academy.eu\/pt\/wp-json\/wp\/v2\/types\/faqs_list"}],"wp:attachment":[{"href":"https:\/\/www.lagom-academy.eu\/pt\/wp-json\/wp\/v2\/media?parent=1893"}],"curies":[{"name":"wp","href":"https:\/\/api.w.org\/{rel}","templated":true}]}}

Posso fazer os vossos cursos como forma de desenvolvimento profissional contínuo nas profissões das áreas da saúde e do exercício físico?

<p>Sim, sem dúvida! Os nossos cursos foram construídos para providenciar aos profissionais da saúde e do exercício físico uma compreensão mais profunda da perspetiva do estilo de vida saudável holístico, e para acrescentar algo novo às suas áreas de domínio.</p>



<p>Podes já ser fisioterapeuta, coach, enfermeiro(a), nutricionista, médico(a) de clínica geral, ou psicólogo(a) e ter um profundo conhecimento da tua área profissional. Contudo, através dos nossos cursos, vais adquirir perspetivas muito relevantes de outras áreas profissionais que se cruzam com a tua.</p>



<p>Isto vai ajudar-te a apoiares melhor os teus clientes dentro da tua área profissional, mas também te traz a oportunidade de trabalhares como Mentor (a)do Estilo de Vida Saudável Certificado(a).</p>
